 31296747 a multiple of 8?
False
Is 226 a factor of 28481593?
False
Does 60 divide 163814644?
False
Is 1224170570 a multiple of 734?
False
Is 6081535 a multiple of 1013?
False
Is 265273525 a multiple of 25?
True
Is 52755705 a multiple of 8?
False
Is 3 a factor of 1550550563?
False
Does 2434 divide 16653428?
True
Does 176 divide 153640432?
True
Does 32 divide 34115104?
True
Does 340 divide 6957791?
False
Is 1247003130 a multiple of 52?
False
Is 25803956 a multiple of 143?
False
Is 1996179 a multiple of 23?
False
Is 75 a factor of 18195375?
True
Is 255573609 a multiple of 1750?
False
Is 75 a factor of 31683306?
False
Is 19 a factor of 30206844?
False
Is 610 a factor of 368789476?
False
Does 4526 divide 117305942?
False
Is 75 a factor of 37496250?
True
Does 6 divide 19988689?
False
Does 21 divide 610742706?
True
Does 114 divide 16541286?
True
Is 986 a factor of 473722366?
False
Does 25 divide 43315762?
False
Is 186 a factor of 108051120?
True
Is 235534128 a multiple of 662?
False
Does 267 divide 382579494?
True
Is 517 a factor of 50851086?
True
Does 334 divide 1368102883?
False
Is 7 a factor of 54097785?
True
Is 35 a factor of 1450928372?
False
Is 295683411 a multiple of 9?
False
Is 45164487 a multiple of 80?
False
Does 314 divide 2832026?
False
Does 46 divide 8330002?
True
Is 1550480513 a multiple of 5?
False
Does 9 divide 361263411?
True
Is 1382 a factor of 21597089?
False
Is 469689 a multiple of 11?
True
Does 15 divide 217360720?
False
Does 27 divide 13665989?
False
Is 339211642 a multiple of 238?
True
Does 3 divide 4305180?
True
Is 72446069 a multiple of 182?
False
Does 2239 divide 381048693?
True
Is 48797884 a multiple of 339?
False
Is 14191062 a multiple of 843?
True
Is 34 a factor of 9818080?
False
Is 90 a factor of 19677110?
False
Is 123 a factor of 30770212?
False
Does 22 divide 286765141?
False
Does 574 divide 347303866?
True
Is 46124152 a multiple of 28?
False
Is 10 a factor of 99121342?
False
Does 297 divide 55836403?
False
Is 9 a factor of 312356875?
False
Is 257 a factor of 38415828?
False
Does 1140 divide 1029811057?
False
Does 1609 divide 57091002?
False
Is 698 a factor of 54944878?
False
Does 1850 divide 1070415550?
True
Does 32 divide 1588564290?
False
Does 35 divide 49294770?
True
Is 556 a factor of 236771916?
False
Is 1034190818 a multiple of 22?
False
Is 27 a factor of 121706852?
False
Is 1780 a factor of 649352541?
False
Does 4 divide 65132016?
True
Is 13 a factor of 361173995?
True
Does 14 divide 306181946?
True
Is 5197908899 a multiple of 17?
True
Is 23 a factor of 36553427?
False
Is 15 a factor of 505042231?
False
Is 2216574770 a multiple of 24?
False
Is 46 a factor of 1658441279?
False
Is 35 a factor of 83985070?
False
Does 76 divide 47992252?
True
Does 16 divide 3725880608?
True
Does 56 divide 85451352?
True
Is 96929576 a multiple of 82?
True
Does 27 divide 579120948?
True
Is 123 a factor of 92686536?
False
Is 453858082 a multiple of 5581?
True
Is 1571 a factor of 3574457025?
True
Is 21 a factor of 38134215?
True
Is 346 a factor of 206103649?
False
Is 39 a factor of 1395908043?
False
Is 2224 a factor of 202819904?
True
Is 2386405 a multiple of 35?
True
Is 913014213 a multiple of 6274?
False
Is 67 a factor of 17695839?
True
Is 1640375761 a multiple of 13?
False
Is 27581 a multiple of 4?
False
Is 14291180 a multiple of 1772?
True
Does 476 divide 540383284?
True
Is 85 a factor of 115736464?
False
Is 445 a factor of 2405387466?
False
Is 3039046 a multiple of 152?
False
Does 194 divide 9773914?
True
Is 486996399 a multiple of 12?
False
Is 1768123440 a multiple of 965?
False
Is 862493457 a multiple of 427?
True
Is 11 a factor of 32366028?
False
Does 13 divide 36767926?
True
Is 119375324 a multiple of 262?
False
Is 49 a factor of 12963881?
True
Is 1672 a factor of 87614617?
False
Is 69187675 a multiple of 9991?
True
Is 4554537790 a multiple of 22?
True
Does 13 divide 727750790?
True
Is 612093749 a multiple of 439?
True
Is 4067063 a multiple of 1001?
True
Is 795 a factor of 17125095?
True
Is 29 a factor of 137314356?
False
Is 204891819 a multiple of 13?
False
Does 62 divide 107932576?
True
Does 16 divide 12731440?
True
Is 1313 a factor of 734939711?
False
Does 29 divide 1430398885?
False
Does 9 divide 6528060?
True
Does 53 divide 696861368?
False
Does 81 divide 631681254?
True
Is 348143224 a multiple of 326?
True
Does 209 divide 7431204?
True
Does 514 divide 650575818?
False
Is 3108 a factor of 365399000?
False
Does 9317 divide 606618392?
False
Is 3481944696 a multiple of 24?
True
Is 502 a factor of 8988812?
True
Is 6426534 a multiple of 3?
True
Is 49696848 a multiple of 3417?
True
Is 280410 a multiple of 406?
False
Is 310 a factor of 10291070?
True
Is 6 a factor of 39620880?
True
Does 13 divide 436884365?
False
Does 635 divide 1946382950?
True
Is 29 a factor of 510100314?
True
Does 279 divide 136684332?
True
Is 2545 a factor of 6418490?
True
Is 255 a factor of 35409948?
False
Does 19 divide 1960447987?
True
Is 1472 a factor of 70926908?
False
Is 70 a factor of 905321620?
True
Does 6 divide 57131586?
True
Is 15 a factor of 7031625?
True
Is 99437912 a multiple of 1592?
True
Is 1219 a factor of 157912973?
False
Is 370062135 a multiple of 1052?
False
Is 51891201 a multiple of 180?
False
Does 7 divide 217183398?
False
Is 2814 a factor of 139073508?
True
Is 1236906 a multiple of 66?
True
Is 10 a factor of 71313764?
False
Does 3442 divide 875092337?
False
Is 231 a factor of 2825150?
False
Is 88119758 a multiple of 38?
True
Is 15 a factor of 368859195?
True
Is 1340640340 a multiple of 26?
True
Is 3123089948 a multiple of 637?
False
Is 15 a factor of 5366826?
False
Is 17 a factor of 270992033?
False
Is 48147437 a multiple of 19?
False
Is 3 a factor of 8424247?
False
Is 4975297 a multiple of 11?
False
Does 5927 divide 154832287?
False
Is 6065532 a multiple of 66?
True
Is 5 a factor of 26777885?
True
Does 223 divide 1179456440?
False
Does 63 divide 31500332?
False
Is 2428532369 a multiple of 59?
False
Does 90 divide 57832817?
False
Is 196 a factor of 17779944?
True
Does 17 divide 88170432?
True
Is 4 a factor of 12784845?
False
Is 9 a factor of 7721771?
False
Is 41 a factor of 201446198?
False
Is 87 a factor of 34159337?
False
Is 510 a factor of 54727172?
False
Does 182 divide 1816815461?
False
Does 39 divide 6655819?
False
Does 196 divide 83436900?
False
Is 1269301110 a multiple of 505?
False
Is 10157734 a multiple of 14?
False
Does 52 divide 572198482?
False
Does 96 divide 30788676?
False
Is 86772500 a multiple of 610?
True
Does 31 divide 1651130494?
True
Does 306 divide 1455496650?
True
Does 602 divide 7178248?
True
Is 400 a factor of 36083600?
True
Is 162275310 a multiple of 40?
False
Is 125671697 a multiple of 101?
False
Does 51 divide 5152683?
True
Is 150 a factor of 1140719474?
False
Is 3414 a factor of 155337000?
True
Does 255 divide 418316225?
False
Is 2334738717 a multiple of 2910?
False
Is 766533291 a multiple of 893?
False
Does 21 divide 231278376?
True
Does 426 divide 95865664?
False
Is 165826100 a multiple of 2330?
True
Is 119847936 a multiple of 3072?
True
Does 69 divide 246827076?
True
Is 12524259 a multiple of 7?
False
Is 40 a factor of 3744080?
True
Is 4 a factor of 1726225?
False
Does 38 divide 117905906?
True
Does 8 divide 757539499?
False
Is 6257 a factor of 739144651?
False
Is 111 a factor of 74996595?
True
Is 63730944 a multiple of 278?
True
Does 8 divide 17713304?
True
Does 3952 divide 228464634?
False
Does 359 divide 1190175468?
True
Does 12 divide 923360364?
True
Does 22 divide 1164484746?
False
Is 536987 a multiple of 199?
False
Does 2 divide 41832153?
False
Is 264 a factor of 681955296?
True
Does 496 divide 426070944?
True
Is 19 a factor of 302447742?
False
Does 405 divide 42992781?
False
Does 70 divide 1243463900?
True
Is 1640307 a multiple of 22?
False
Does 10 divide 93826939?
False
Is 428 a factor of 87550824?
True
Does 19 divide 164449760?
False
Is 208742352 a multiple of 12?
True
Is 28 a factor of 267581692?
True
Is 108181209 a multiple of 12?
False
Is 65 a factor of 1091258876?
False
Is 388454222 a multiple of 26?
True
Is 68 a factor of 66883121?
False
Is 15 a factor of 2184486900?
True
Is 63 a factor of 5101205679?
False
Does 292 divide 2166743952?
True
Is 681294063 a multiple of 2599?
True
Does 214